
True
Is 69099217991 composite?
False
Is 25361141495 prime?
False
Is 31887398723 composite?
False
Is 8913533861 a composite number?
True
Is 7033721021 prime?
True
Is 591628979 prime?
True
Is 653251567 a composite number?
False
Is 1116585047 a composite number?
False
Is 106001447 composite?
False
Is 211519131133 a composite number?
False
Is 6474912151 prime?
True
Is 144674681 composite?
False
Is 287231063 a composite number?
True
Is 455307613 a composite number?
False
Is 17580216881 composite?
False
Is 36008879759 prime?
True
Is 8222101297 prime?
True
Is 2241478289 composite?
True
Is 8708532439 prime?
True
Is 17232712177 a composite number?
False
Is 169422961 composite?
False
Is 244888513267 composite?
False
Is 22562812793 a composite number?
False
Is 125284013 composite?
True
Is 15147336121 prime?
True
Is 835493539 a prime number?
True
Is 9574443893 composite?
True
Is 558339293 a composite number?
True
Is 2709425687 a composite number?
False
Is 13498228853 a prime number?
True
Is 924555367 a prime number?
False
Is 166584863 a composite number?
False
Is 6055049111 a prime number?
True
Is 1151267179 prime?
True
Is 1719940241 composite?
False
Is 12328290269 a prime number?
False
Is 1890110171 a prime number?
True
Is 572431603 a prime number?
False
Is 13996025437 prime?
False
Is 37679428429 composite?
True
Is 8449079291 composite?
False
Is 1643710711 a prime number?
True
Is 2087035429 a prime number?
True
Is 115218589 a composite number?
True
Is 3508961777 prime?
False
Is 229355741 a composite number?
False
Is 72639241 a composite number?
True
Is 5811341287 composite?
True
Is 13533649021 composite?
False
Is 47996212819 a prime number?
False
Is 193045332031 composite?
False
Is 4380048689 composite?
False
Is 3804885391 prime?
True
Is 38803043 a prime number?
True
Is 58689523877 a composite number?
False
Is 36707591867 prime?
True
Is 2893544939 a prime number?
True
Is 25976215477 prime?
False
Is 5383007543 a composite number?
True
Is 27371291893 prime?
False
Is 16405633073 a composite number?
True
Is 219921157 a composite number?
True
Is 411274043867 a composite number?
False
Is 30740110199 a composite number?
False
Is 2770158733 a prime number?
True
Is 190770037 a composite number?
False
Is 6535549627 prime?
True
Is 1297231609 prime?
True
Is 11477061067 a composite number?
True
Is 14580161797 a composite number?
False
Is 273527649217 a prime number?
False
Is 34179766019 a prime number?
False
Is 1497217721 a composite number?
False
Is 237970597 composite?
False
Is 2939391419 a prime number?
True
Is 4515146431 prime?
True
Is 596833759 a composite number?
False
Is 7704089061 composite?
True
Is 8752887411 a prime number?
False
Is 563890919 a prime number?
True
Is 2232828869 a prime number?
True
Is 1230113839 prime?
False
Is 1857943439 prime?
False
Is 195288559 prime?
True
Is 4738547729 a composite number?
False
Is 306546043 prime?
True
Is 927098579 a composite number?
True
Is 1575962099 prime?
True
Is 2937819791 a composite number?
False
Is 434861771 composite?
False
Is 1201494751 a composite number?
True
Is 3011071883 prime?
True
Is 679009601 a prime number?
True
Is 11330886587 a prime number?
True
Is 93695909 a prime number?
True
Is 16827724033 prime?
True
Is 2983901281 a prime number?
False
Is 6982454861 composite?
True
Is 21289786283 prime?
False
Is 30779412623 a composite number?
False
Is 2814757987 composite?
False
Is 322482637 a prime number?
False
Is 274464226 a prime number?
False
Is 6448682969 a prime number?
True
Is 1704828269 prime?
True
Is 11008774111 a prime number?
False
Is 1009268615 prime?
False
Is 9956635517 a composite number?
True
Is 307829 a prime number?
False
Is 35010887 a prime number?
True
Is 1434913717 a composite number?
True
Is 38877440461 composite?
True
Is 1956374291 a composite number?
False
Is 301096891 composite?
False
Is 9436967047 a prime number?
True
Is 9981987 a prime number?
False
Is 31531818811 a prime number?
False
Is 2335387943 a prime number?
False
Is 8504518903 composite?
False
Is 13259350733 prime?
True
Is 108816627907 a prime number?
False
Is 21516301 a composite number?
False
Is 8019220091 composite?
False
Is 1889372813 composite?
False
Is 3883989217 composite?
True
Is 21384827521 a composite number?
False
Is 1615110557 a prime number?
True
Is 54161143147 composite?
False
Is 63668694883 composite?
True
Is 84384955519 a prime number?
True
Is 14796857389 a composite number?
False
Is 1180452293 prime?
True
Is 2404372535 a prime number?
False
Is 1513135231 prime?
False
Is 3035580113 prime?
True
Is 58579244137 a prime number?
False
Is 685238161 a prime number?
False
Is 18671055541 prime?
False
Is 120305917 prime?
False
Is 493898323 a composite number?
False
Is 4549547 a composite number?
False
Is 1390965001 a composite number?
True
Is 1063555193 a prime number?
False
Is 137130397193 prime?
True
Is 574424819 a composite number?
False
Is 311015011 a composite number?
False
Is 168156499 composite?
True
Is 109675400209 composite?
False
Is 4478819203 a prime number?
False
Is 3081349573 prime?
True
Is 31280455159 a composite number?
True
Is 3391230749 a composite number?
False
Is 8889957667 composite?
False
Is 108004462017 prime?
False
Is 2654020337 a prime number?
True
Is 1671035173 composite?
True
Is 475300951 prime?
False
Is 1635709103 prime?
False
Is 5436401213 a composite number?
True
Is 469596767 a composite number?
False
Is 850249553 a composite number?
False
Is 3265241699 prime?
False
Is 411555343 a prime number?
True
Is 5300955109 composite?
True
Is 933536083 prime?
False
Is 401201419 a prime number?
False
Is 2031440531 a composite number?
True
Is 2870482729 composite?
True
Is 16691312714 prime?
False
Is 1059813791 a composite number?
False
Is 80100077129 a prime number?
False
Is 340495231 composite?
False
Is 140350150429 prime?
True
Is 692161622 a composite number?
True
Is 71210628839 composite?
True
Is 29463258046 a prime number?
False
Is 7270327591 a prime number?
True
Is 7465391411 a composite number?
False
Is 598363211 a prime number?
False
Is 7183174571 composite?
False
Is 207805423357 a composite number?
True
Is 5312920103 a composite number?
False
Is 13169206619 composite?
False
Is 54355667029 a composite number?
True
Is 83986487 composite?
True
Is 40110739413 a prime number?
False
Is 3232902377 composite?
False
Is 24943692029 prime?
True
Is 13543221007 a composite number?
True
Is 51233757 a prime number?
False
Is 129610207 composite?
False
Is 68598809 composite?
False
Is 18856510493 a prime number?
True
Is 44496143 prime?
True
Is 14144728937 prime?
False
Is 132296657 a prime number?
True
Is 5340227393 prime?
False
Is 94950377 prime?
True
Is 26365172657 a prime number?
False
Is 11871778067 a composite number?
False
Is 220722787 composite?
True
Is 88691448397 prime?
True
Is 71248615873 prime?
True
Is 398254025599 a prime number?
True
Is 589054673 composite?
False
Is 4916943107 a prime number?
True
Is 1834650079 a composite number?
True
Is 7815103421 composite?
False
Is 2548537063 composite?
True
Is 8159989757 prime?
True
Is 456624143 a composite number?
True
Is 1347093113 prime?
False
Is 7565168159 a composite number?
False
Is 329628763 a composite number?
False
Is 261412237943 prime?
False
Is 1331302171 a prime number?
True
Is 4575037087 prime?
False
Is 266863851961 a prime number?
False
Is 18335906227 composite?
True
Is 379942091 composite?
False
Is 776960507 composite?
True
Is 2272879643 a prime number?
False
Is 12106877 a prime number?
True
Is 73627431217 a prime number?
False
Is 3111193567 a prime number?
False
Is 633222115 a composite number?
True
Is 12525367 a prime number?
True
Is 61953347 prime?
False
Is 1164535787 a prime number?
True
Is 5970226027 a prime number?
False
Is 18374200961 a composite number?
True
Is 417887791 a composite number?
False
Is 9224999611 a composite number?
False
Is 2457591217 a prime number?
True
Is 198848747 a prime number?
True
Is 36919264471 a composite number?
False
Is 10479857291 prime?
True
Is 874499207 prime?
True
Is 779657201 prime?
True
Is 73151011 a prime number?
False
Is 103489957 a prime number?
True
Is 3169888409 a prime number?
False
Is 108136969 a prime number?
False
Is 619216919 composite?
False
Is 73789127 a composite number?
False
Is 22405349 pri